{"id":1837,"date":"2024-11-01T09:56:51","date_gmt":"2024-11-01T09:56:51","guid":{"rendered":"https:\/\/nlrmoz.org\/?page_id=1837"},"modified":"2026-02-11T11:33:15","modified_gmt":"2026-02-11T11:33:15","slug":"ready4pep","status":"publish","type":"page","link":"https:\/\/nlrmoz.org\/index.php\/ready4pep\/","title":{"rendered":"READY4PEP"},"content":{"rendered":"\t\t<div data-elementor-type=\"wp-page\" data-elementor-id=\"1837\" class=\"elementor elementor-1837\">\n\t\t\t\t<div class=\"elementor-element elementor-element-a0168d6 e-flex e-con-boxed e-con e-parent\" data-id=\"a0168d6\" data-element_type=\"container\" data-settings=\"{&quot;background_background&quot;:&quot;classic&quot;}\">\n\t\t\t\t\t<div class=\"e-con-inner\">\n\t\t\t\t\t<\/div>\n\t\t\t\t<\/div>\n\t\t<div class=\"elementor-element elementor-element-199391f e-flex e-con-boxed e-con e-parent\" data-id=\"199391f\" data-element_type=\"container\">\n\t\t\t\t\t<div class=\"e-con-inner\">\n\t\t\t\t<div class=\"elementor-element elementor-element-b445b3a elementor-widget elementor-widget-heading\" data-id=\"b445b3a\" data-element_type=\"widget\" data-widget_type=\"heading.default\">\n\t\t\t\t<div class=\"elementor-widget-container\">\n\t\t\t<h2 class=\"elementor-heading-title elementor-size-default\">READY4PEP<\/h2>\t\t<\/div>\n\t\t\t\t<\/div>\n\t\t\t\t\t<\/div>\n\t\t\t\t<\/div>\n\t\t<div class=\"elementor-element elementor-element-d609a6f e-flex e-con-boxed e-con e-parent\" data-id=\"d609a6f\" data-element_type=\"container\">\n\t\t\t\t\t<div class=\"e-con-inner\">\n\t\t\t\t<div class=\"elementor-element elementor-element-e2b9090 elementor-widget elementor-widget-text-editor\" data-id=\"e2b9090\" data-element_type=\"widget\" data-widget_type=\"text-editor.default\">\n\t\t\t\t<div class=\"elementor-widget-container\">\n\t\t\t\t\t\t\t<p>O Projecto Ready4PEP contribui para o melhoramento do desempenho das Unidades Sanit\u00e1rias (US) e do Programa Nacional de Controlo da Lepra (PNCL) atrav\u00e9s da capacita\u00e7\u00e3o dos Supervisores Distritais de Lepra e dos T\u00e9cnicos das US Perif\u00e9ricas em procedimentos para o diagn\u00f3stico precoce, tratamento, seguimento das complica\u00e7\u00f5es da lepra e administra\u00e7\u00e3o da Dose \u00fanica de Rifampicina (DUR). Judite Colombo, t\u00e9cnica de sa\u00fade no Centro de Sa\u00fade de Nama\u00edta, administrando DUR a um contacto de paciente de lepra, durante a campanha porta- a porta.<\/p>\t\t\t\t\t\t<\/div>\n\t\t\t\t<\/div>\n\t\t\t\t\t<\/div>\n\t\t\t\t<\/div>\n\t\t<div class=\"elementor-element elementor-element-a67bdc2 e-flex e-con-boxed e-con e-parent\" data-id=\"a67bdc2\" data-element_type=\"container\">\n\t\t\t\t\t<div class=\"e-con-inner\">\n\t\t\t\t<div class=\"elementor-element elementor-element-cf4f9de elementor-widget elementor-widget-image\" data-id=\"cf4f9de\" data-element_type=\"widget\" data-widget_type=\"image.default\">\n\t\t\t\t<div class=\"elementor-widget-container\">\n\t\t\t\t\t\t\t\t\t\t\t\t\t<img fetchpriority=\"high\" decoding=\"async\" width=\"525\" height=\"350\" src=\"https:\/\/nlrmoz.org\/wp-content\/uploads\/2024\/10\/JJ-Stok-Mozambique-Leprastichting-2297-1024x683.jpg\" class=\"attachment-large size-large wp-image-1293\" alt=\"\" srcset=\"https:\/\/nlrmoz.org\/wp-content\/uploads\/2024\/10\/JJ-Stok-Mozambique-Leprastichting-2297-1024x683.jpg 1024w, https:\/\/nlrmoz.org\/wp-content\/uploads\/2024\/10\/JJ-Stok-Mozambique-Leprastichting-2297-300x200.jpg 300w, https:\/\/nlrmoz.org\/wp-content\/uploads\/2024\/10\/JJ-Stok-Mozambique-Leprastichting-2297-768x512.jpg 768w, https:\/\/nlrmoz.org\/wp-content\/uploads\/2024\/10\/JJ-Stok-Mozambique-Leprastichting-2297-1536x1024.jpg 1536w, https:\/\/nlrmoz.org\/wp-content\/uploads\/2024\/10\/JJ-Stok-Mozambique-Leprastichting-2297-2048x1365.jpg 2048w\" sizes=\"(max-width: 525px) 100vw, 525px\" \/>\t\t\t\t\t\t\t\t\t\t\t\t\t<\/div>\n\t\t\t\t<\/div>\n\t\t\t\t\t<\/div>\n\t\t\t\t<\/div>\n\t\t\t\t<\/div>\n\t\t","protected":false},"excerpt":{"rendered":"<p>READY4PEP O Projecto Ready4PEP contribui para o melhoramento do desempenho das Unidades Sanit\u00e1rias (US) e do Programa Nacional de Controlo da Lepra (PNCL) atrav\u00e9s da capacita\u00e7\u00e3o dos Supervisores Distritais de [&hellip;]<\/p>\n","protected":false},"author":1,"featured_media":0,"parent":0,"menu_order":0,"comment_status":"closed","ping_status":"closed","template":"tpl-default-elementor.php","meta":{"_monsterinsights_skip_tracking":false,"_monsterinsights_sitenote_active":false,"_monsterinsights_sitenote_note":"","_monsterinsights_sitenote_category":0,"footnotes":""},"class_list":["post-1837","page","type-page","status-publish","hentry"],"aioseo_notices":[],"_links":{"self":[{"href":"https:\/\/nlrmoz.org\/index.php\/wp-json\/wp\/v2\/pages\/1837","targetHints":{"allow":["GET"]}}],"collection":[{"href":"https:\/\/nlrmoz.org\/index.php\/wp-json\/wp\/v2\/pages"}],"about":[{"href":"https:\/\/nlrmoz.org\/index.php\/wp-json\/wp\/v2\/types\/page"}],"author":[{"embeddable":true,"href":"https:\/\/nlrmoz.org\/index.php\/wp-json\/wp\/v2\/users\/1"}],"replies":[{"embeddable":true,"href":"https:\/\/nlrmoz.org\/index.php\/wp-json\/wp\/v2\/comments?post=1837"}],"version-history":[{"count":10,"href":"https:\/\/nlrmoz.org\/index.php\/wp-json\/wp\/v2\/pages\/1837\/revisions"}],"predecessor-version":[{"id":2483,"href":"https:\/\/nlrmoz.org\/index.php\/wp-json\/wp\/v2\/pages\/1837\/revisions\/2483"}],"wp:attachment":[{"href":"https:\/\/nlrmoz.org\/index.php\/wp-json\/wp\/v2\/media?parent=1837"}],"curies":[{"name":"wp","href":"https:\/\/api.w.org\/{rel}","templated":true}]}}